{"id":101,"date":"2025-05-16T13:29:32","date_gmt":"2025-05-16T13:29:32","guid":{"rendered":"https:\/\/glasulortodoxiei.ro\/?page_id=101"},"modified":"2026-04-27T20:53:18","modified_gmt":"2026-04-27T20:53:18","slug":"player","status":"publish","type":"page","link":"https:\/\/glasulortodoxiei.ro\/","title":{"rendered":"Bine a\u021bi venit!"},"content":{"rendered":"\n<style>\n\/* Stilurile pentru un design modern si premium *\/\n.go-radio-container {\n    max-width: 1000px;\n    margin: 0 auto;\n    font-family: 'Inter', system-ui, -apple-system, sans-serif;\n}\n\n.go-radio-grid {\n    display: grid;\n    grid-template-columns: repeat(auto-fit, minmax(280px, 1fr));\n    gap: 20px;\n    margin-bottom: 30px;\n}\n\n.go-radio-card {\n    background: #ffffff;\n    border-radius: 12px;\n    padding: 20px;\n    box-shadow: 0 4px 15px rgba(0,0,0,0.05);\n    transition: transform 0.3s ease, box-shadow 0.3s ease;\n    border: 1px solid #f2f2f2;\n    display: flex;\n    flex-direction: column;\n    align-items: center;\n}\n\n.go-radio-card:hover {\n    transform: translateY(-5px);\n    box-shadow: 0 8px 25px rgba(0,0,0,0.1);\n}\n\n.go-radio-title {\n    font-size: 1.15rem;\n    font-weight: 600;\n    color: #2c3e50;\n    margin-top: 0;\n    margin-bottom: 15px;\n    text-align: center;\n}\n\n.go-radio-player {\n    width: 100%;\n    margin-top: auto;\n    border-radius: 30px;\n    outline: none;\n}\n\n.go-disclaimer-box {\n    background-color: #f8f9fa;\n    border-left: 4px solid #8e9eab;\n    padding: 15px 20px;\n    border-radius: 0 8px 8px 0;\n    font-size: 0.85rem;\n    color: #5a6268;\n    line-height: 1.5;\n}\n\n.go-disclaimer-box strong {\n    color: #343a40;\n}\n<\/style>\n\n<div class=\"go-radio-container\">\n    <div class=\"go-radio-grid\">\n\n        <!-- 1. Glasul Ortodoxiei -->\n        <div class=\"go-radio-card\">\n            <h3 class=\"go-radio-title\">Glasul Ortodoxiei<\/h3>\n            <audio class=\"go-radio-player\" controls preload=\"none\">\n                <source src=\"https:\/\/sonic.xservere.net\/glasulortodoxiei\/\" type=\"audio\/mpeg\">\n            <\/audio>\n        <\/div>\n\n                <!-- 2. Radio Trinitas -->\n        <div class=\"go-radio-card\">\n            <h3 class=\"go-radio-title\">Radio Trinitas<\/h3>\n            <audio class=\"go-radio-player\" controls preload=\"none\">\n                <source src=\"https:\/\/live.radiotrinitas.ro:8003\/;\">\n            <\/audio>\n        <\/div>\n\n\n        <!-- 3. Radio Rena\u0219terea -->\n        <div class=\"go-radio-card\">\n            <h3 class=\"go-radio-title\">Radio Rena\u0219terea<\/h3>\n            <audio class=\"go-radio-player\" controls preload=\"none\">\n                <source src=\"https:\/\/cast1.asurahosting.com\/proxy\/arhiepis\/stream\" type=\"audio\/mpeg\">\n            <\/audio>\n        <\/div>\n\n        <!-- 4. Radio Re\u00eentregirea -->\n        <div class=\"go-radio-card\">\n            <h3 class=\"go-radio-title\">Radio Re\u00eentregirea<\/h3>\n            <audio class=\"go-radio-player\" controls preload=\"none\">\n                <source src=\"https:\/\/live.reintregirea.ro:443\" type=\"audio\/mpeg\">\n            <\/audio>\n        <\/div>\n\n                <!-- 5. Radio Bunul Cre\u0219tin -->\n        <div class=\"go-radio-card\">\n            <h3 class=\"go-radio-title\">Radio Bunul Cre\u0219tin<\/h3>\n            <audio class=\"go-radio-player\" controls preload=\"none\">\n                <source src=\"https:\/\/ssl.asculta.live:8030\/;\">\n            <\/audio>\n        <\/div>\n\n\n        <!-- 6. Radio Doxologia -->\n        <div class=\"go-radio-card\">\n            <h3 class=\"go-radio-title\">Radio Doxologia<\/h3>\n            <audio class=\"go-radio-player\" controls preload=\"none\">\n                <source src=\"https:\/\/rlive.doxologia.ro\/stream.mp3\" type=\"audio\/mpeg\">\n            <\/audio>\n        <\/div>\n\n        <!-- 7. Radio Amen -->\n        <div class=\"go-radio-card\">\n            <h3 class=\"go-radio-title\">Radio Amen<\/h3>\n            <audio class=\"go-radio-player\" controls preload=\"none\">\n                <source src=\"https:\/\/asculta.ascultatare.ro\/8058\/stream\/\" type=\"audio\/mpeg\">\n            <\/audio>\n        <\/div>\n\n        <!-- 8. Ancient Faith Radio -->\n        <div class=\"go-radio-card\">\n            <h3 class=\"go-radio-title\">Ancient Faith (Music)<\/h3>\n            <audio class=\"go-radio-player\" controls preload=\"none\">\n                <source src=\"https:\/\/ancientfaith.streamguys1.com\/music\" type=\"audio\/mpeg\">\n            <\/audio>\n        <\/div>\n\n        <!-- 9. Ancient Faith Radio Talk -->\n        <div class=\"go-radio-card\">\n            <h3 class=\"go-radio-title\">Ancient Faith (Talk)<\/h3>\n            <audio class=\"go-radio-player\" controls preload=\"none\">\n                <source src=\"https:\/\/ancientfaith.streamguys1.com\/talk\" type=\"audio\/mpeg\">\n            <\/audio>\n        <\/div>\n\n        <!-- 10. Orthodox Heaven -->\n        <div class=\"go-radio-card\">\n            <h3 class=\"go-radio-title\">Orthodox Heaven<\/h3>\n            <audio class=\"go-radio-player\" controls preload=\"none\">\n                <source src=\"https:\/\/radio.mountathos.info\/live\/\" type=\"audio\/mpeg\">\n            <\/audio>\n        <\/div>\n\n    <\/div>\n\n    <!-- Informatii si Disclaimer -->\n    <div class=\"go-disclaimer-box\">\n        <strong>DISCLAIMER &#038; SURSE:<\/strong> Glasul Ortodoxiei este un agregator independent de fluxuri radio ortodoxe publice, red\u00e2nd direct de pe serverele publice ale sta\u021biilor. Nu suntem afilia\u021bi, asocia\u021bi sau endorsa\u021bi oficial de sta\u021biile radio listate (ex. Radio Trinitas, Doxologia etc.). Emisia este proprietatea intelectual\u0103 exclusiv\u0103 a sta\u021biilor respective. \n        <br><br>\n        <em>Pentru reprezentan\u021bii posturilor:<\/em> Dac\u0103 dori\u021bi ca sta\u021bia dumneavoastr\u0103 s\u0103 fie \u0219tears\u0103 sau adresa fluxului actualizat\u0103, v\u0103 rug\u0103m s\u0103 ne contacta\u021bi la glasulortodoxiei@yahoo.com \u0219i vom ajusta cererea imediat.\nSurse oficiale curente:\n        Glasul Ortodoxiei &#8211; https:\/\/glasulortodoxiei.ro;\n        Radio Trinitas &#8211; https:\/\/asculta.radiotrinitas.ro;\n        Radio Rena\u0219terea &#8211; https:\/\/radiorenasterea.ro\n        Radio Re\u00eentregirea &#8211; https:\/\/reintregirea.ro\/radio-reintregirea\/;\n        Radio Logos &#8211; https:\/\/radio.logos.md\/;\n        Radio Bunul Cre\u0219tin &#8211; https:\/\/radiobunulcrestin.ro\/;\n        Radio Dobrogea &#8211; https:\/\/radiodobrogea.ro\/;\n        Radio Doxologia &#8211; https:\/\/doxologia.ro\/live;\n        Radio Lumina &#8211; https:\/\/www.radiolumina.ro\/;\n        Radio Amen &#8211; http:\/\/www.radioamen.ro\/;\n        Ancient Faith (Music\/Talk) &#8211; https:\/\/www.ancientfaith.com\/radio\/live-shows\/;\n        Orthodox Heaven &#8211; https:\/\/athonitetestimony.com\/orthodox-heaven\/;\n        Radio Orthodox Chants &#8211; http:\/\/orthodox-chants.ru\/;\n\nsb.append(&#8222;DISCLAIMER TEXTE (RUG\u0102CIUNI, ACATISTE, CANOANE):\\n&#8221;);\n        sb.append(\n                &#8222;Textele de suflet (canoanele, acatistele, \u00eendreptarele) din aceast\u0103 aplica\u021bie sunt preluate cu inten\u021bie bun\u0103, strict \u00een scop de folos duhovnicesc \u0219i educa\u021bional (necomercial). Dac\u0103 reprezentan\u021bii de\u021bin\u0103torilor de drepturi ai anumitor edi\u021bii ori traduceri doresc o men\u021biune special\u0103 sau eliminarea unui material, v\u0103 rug\u0103m s\u0103 ne contacta\u021bi.\\n\\n&#8221;);\n\n        -Surse folosite pentru anumite texte:;\n        https:\/\/www.lavrentie-sovre.eu\/;\n        https:\/\/www.crestinortodox.ro\/rugaciuni\/;\n        https:\/\/www.doxologia.ro\/;\n        https:\/\/www.sfaturiortodoxe.ro\/;\n        https:\/\/www.bibliotecaortodoxa.ro\/;\n        https:\/\/vreaumantuire.wordpress.com\/;\n        https:\/\/archive.org\/;\n        https:\/\/sites.google.com\/site\/ortodox007\/;\n        https:\/\/www.rugaciune.ro\/;\n        https:\/\/luminadinceaslov.blogspot.com\/;\n        https:\/\/www.ortodoxism.com\/;\n        https:\/\/www.resurse-ortodoxe.ro\/;\n        https:\/\/www.maicadomnului.ro\/;\n        https:\/\/resurse.go.ro\/;\n\n    <\/div>\n<\/div>\n\n<script>\n\/\/ Script pentru a permite redarea unui singur radio odata\ndocument.addEventListener('play', function(e){\n    var audios = document.getElementsByTagName('audio');\n    for(var i = 0, len = audios.length; i < len;i++){\n        if(audios[i] != e.target){\n            audios[i].pause();\n        }\n    }\n}, true);\n<\/script>\n","protected":false},"excerpt":{"rendered":"<p>Glasul Ortodoxiei Radio Trinitas Radio Rena\u0219terea Radio Re\u00eentregirea Radio Bunul Cre\u0219tin Radio Doxologia Radio Amen Ancient Faith (Music) Ancient Faith (Talk) Orthodox Heaven DISCLAIMER &#038; SURSE: Glasul Ortodoxiei este un agregator independent de fluxuri radio ortodoxe publice, red\u00e2nd direct de pe serverele publice ale sta\u021biilor. Nu suntem afilia\u021bi, asocia\u021bi sau endorsa\u021bi oficial de sta\u021biile radio &hellip; <a href=\"https:\/\/glasulortodoxiei.ro\/\" class=\"more-link\">Continu\u0103 s\u0103 cite\u0219ti <span class=\"screen-reader-text\">Bine a\u021bi venit!<\/span><\/a><\/p>\n","protected":false},"author":1,"featured_media":0,"parent":0,"menu_order":0,"comment_status":"closed","ping_status":"closed","template":"","meta":{"footnotes":""},"class_list":["post-101","page","type-page","status-publish","hentry"],"_links":{"self":[{"href":"https:\/\/glasulortodoxiei.ro\/index.php\/wp-json\/wp\/v2\/pages\/101","targetHints":{"allow":["GET"]}}],"collection":[{"href":"https:\/\/glasulortodoxiei.ro\/index.php\/wp-json\/wp\/v2\/pages"}],"about":[{"href":"https:\/\/glasulortodoxiei.ro\/index.php\/wp-json\/wp\/v2\/types\/page"}],"author":[{"embeddable":true,"href":"https:\/\/glasulortodoxiei.ro\/index.php\/wp-json\/wp\/v2\/users\/1"}],"replies":[{"embeddable":true,"href":"https:\/\/glasulortodoxiei.ro\/index.php\/wp-json\/wp\/v2\/comments?post=101"}],"version-history":[{"count":11,"href":"https:\/\/glasulortodoxiei.ro\/index.php\/wp-json\/wp\/v2\/pages\/101\/revisions"}],"predecessor-version":[{"id":474,"href":"https:\/\/glasulortodoxiei.ro\/index.php\/wp-json\/wp\/v2\/pages\/101\/revisions\/474"}],"wp:attachment":[{"href":"https:\/\/glasulortodoxiei.ro\/index.php\/wp-json\/wp\/v2\/media?parent=101"}],"curies":[{"name":"wp","href":"https:\/\/api.w.org\/{rel}","templated":true}]}}